mine p(0).
63
Let p(t) = 10*t - 449. Determine p(45).
1
Let b(r) = 3*r**2 + 7*r + 7. What is b(-1)?
3
Let k(b) = 3*b**2 + 2*b - 2. Determine k(1).
3
Let r(b) = -2*b + 2. Give r(2).
-2
Let f(p) = -p**3 + 10*p**2 - p + 10. Give f(10).
0
Let m(o) = o**3 + 4*o - 13. Give m(4).
67
Let w(n) = -62*n - 254. Calculate w(-4).
-6
Let w(i) = -i**2 - 10*i + 19. Determine w(-10).
19
Let t(u) = -u**2 + 18*u + 54. Determine t(21).
-9
Let z(j) = -3*j**2 - 11*j + 21. Determine z(2).
-13
Let a(j) = -j**2 + 4*j + 9. What is a(6)?
-3
Let b(c) = 40*c - 178. Give b(5).
22
Let b(t) = -5*t + 53. Determine b(10).
3
Let y(l) = -l**3 - 20*l**2 - 53*l - 37. Determine y(-17).
-3
Let v(a) = -56*a**2 + 2*a - 1. Give v(1).
-55
Let q(x) = 3*x - 7. Determine q(3).
2
Let o(z) = -24*z + 2. Determine o(-1).
26
Let k(l) = -l - 4. Calculate k(-10).
6
Let j(a) = a**3 - 5*a - 1. Give j(2).
-3
Let m(r) = 118*r**2 - 4*r - 3. What is m(-1)?
119
Let a(o) = -o**3 + 4*o**2 + 2*o - 1. What is a(4)?
7
Let s(o) = 8*o + 10. What is s(-7)?
-46
Let h(p) = p**3 - 6*p**2 + 7*p + 3. Determine h(6).
45
Let t(k) = k**3 - 3*k**2 - 12*k + 27. Give t(4).
-5
Let o(a) = -3*a**2 + 13*a - 45. Calculate o(5).
-55
Let d(y) = -12*y + 2. Give d(-1).
14
Let l(a) = -a**3 + 8*a**2 + 2*a + 4. Calculate l(8).
20
Let f(r) = -2*r**2 + 7*r + 1. Calculate f(2).
7
Let l(t) = -94*t + 289. What is l(3)?
7
Let t(l) = -l**3 + 10*l**2 - 19*l + 5. What is t(8)?
-19
Let v(r) = r**3 + 14*r**2 + 6*r + 74. What is v(-14)?
-10
Let z(g) = g**2 - 11*g - 9. Determine z(13).
17
Let s(r) = 4*r + 14. Determine s(-4).
-2
Let k(p) = 5*p**2 - 3*p - 1. Give k(-2).
25
Let y(p) = p**3 - 15*p**2 + 11*p - 8. Determine y(14).
-50
Let p(k) = 2*k**2 - 30*k + 5. Calculate p(15).
5
Let l(v) = -2*v**2 - 20*v + 19. Calculate l(-11).
-3
Let h(f) = -6*f**3 + 3*f**2 + 4*f + 1. Calculate h(-1).
6
Let a(q) = 17*q**2 + 34*q - 1. Determine a(-2).
-1
Let a(k) = -6*k**2 + 1. Determine a(1).
-5
Let t(a) = 3*a**2 + a + 7. Calculate t(3).
37
Let b(t) = -t**3 - 4*t**2 + 8. Calculate b(-3).
-1
Let u(o) = -o**3 - 13*o**2 - 17*o + 63. Determine u(-11).
8
Let v(k) = k**3 - 7*k**2 + 2*k + 7. Determine v(6).
-17
Let v(j) = j - 17. Determine v(10).
-7
Let p(z) = -z + 5. Determine p(-5).
10
Let p(k) = k**3 - 32*k**2 - 31*k - 66. Determine p(33).
0
Let m(t) = -t**3 + 2*t**2 - 3*t - 3. What is m(-3)?
51
Let q(i) = -i**2 - 29. What is q(6)?
-65
Let b(j) = -j - 2. Give b(-8).
6
Let y(q) = -q**2 + 6*q + 26. Determine y(9).
-1
Let c(o) = -o**3 + 4*o**2 + 9*o - 1. Give c(6).
-19
Let n(y) = y**3 - 8*y**2 + 5*y - 15. Determine n(6).
-57
Let a(f) = 14*f + 15. Determine a(-5).
-55
Let s(x) = -2*x**2 + 24*x + 16. Calculate s(13).
-10
Let s(d) = -2*d**3 + 3*d**2 - 4*d. Calculate s(2).
-12
Let i(p) = 4*p - 8. Give i(5).
12
Let k(s) = 2*s**2 + 12*s - 58. Give k(3).
-4
Let j(c) = c**3 + c**2 - 5*c + 2. Give j(-4).
-26
Let g(u) = -u**3 - 2*u**2 + 21*u - 14. Determine g(-6).
4
Let o(v) = v**3 - 6*v**2 + 6*v - 2. Give o(5).
3
Let i(t) = -3*t**2 + 5*t + 16. Determine i(-2).
-6
Let l(b) = b**3 - 8*b**2 + 2*b + 6. Give l(7).
-29
Let n(w) = -w**2 + 15*w + 7. Calculate n(15).
7
Let d(m) = -m**2 + 16*m - 4. Determine d(10).
56
Let m(b) = 205*b**2 - 1229*b - 2. Give m(6).
4
Let n(j) = j**2 - 4*j + 1. Calculate n(7).
22
Let c(j) = 153*j + 774. Calculate c(-5).
9
Let y(i) = 8*i + 187. What is y(-23)?
3
Let n(o) = -97*o**3 + o**2 + 2*o. Give n(-1).
96
Let j(s) = -50*s - 293. Calculate j(-6).
7
Let x(s) = -6*s + 8. Give x(6).
-28
Let y(l) = -4*l**2 - 5*l - 6. Calculate y(-3).
-27
Let f(c) = 4*c + 73. Give f(-13).
21
Let o(l) = -5*l - 5. Calculate o(-5).
20
Let d(s) = s**3 + 11*s**2 - 13*s + 16. Determine d(-12).
28
Let d(l) = -l**2 + 7*l - 5. What is d(5)?
5
Let s(x) = -x**2 - 27*x - 160. What is s(-17)?
10
Let q(l) = -l**3 - 7*l**2 - 7*l + 7. Calculate q(-7).
56
Let m(u) = u**3 - 6*u**2 - 6*u - 8. Calculate m(7).
-1
Let q(o) = -4*o + 44. What is q(15)?
-16
Let q(l) = -l**3 + 3*l**2 - l - 2. Give q(2).
0
Let q(u) = 2*u + 36. Calculate q(-15).
6
Let p(u) = -u + 4. Determine p(-2).
6
Let q(i) = -2*i - 22. Give q(18).
-58
Let o(r) = r**3 - 9*r**2 + 11*r - 3. Give o(8).
21
Let r(u) = 10*u**3 - u**2. Give r(1).
9
Let v(r) = -r + 4. What is v(5)?
-1
Let s(x) = -6*x**2 - 5*x - 12. Give s(-2).
-26
Let g(k) = -12*k + 205. Give g(16).
13
Let b(k) = -2*k**2 + 34*k - 11. Calculate b(17).
-11
Let b(f) = -f**2 + 42*f - 126. Determine b(39).
-9
Let p(t) = 3*t + 13. Determine p(-4).
1
Let a(w) = -15*w**3 - w**2 - 4*w - 2. What is a(-1)?
16
Let a(w) = -w**2 - 14*w + 2. Determine a(-14).
2
Let v(s) = 5*s + 17. Calculate v(-5).
-8
Let y(x) = 21*x**3 + x**2 - 1. Calculate y(1).
21
Let p(r) = 5*r**2 - 11*r - 18. Give p(-2).
24
Let y(l) = -4*l**2 - 7*l + 10. Determine y(-6).
-92
Let j(c) = -9*c - 4. What is j(-2)?
14
Let u(n) = n**3 + 30*n**2 + 16*n - 363. Calculate u(-29).
14
Let s(g) = -g**3 - 3*g**2 + 5*g - 25. Determine s(-5).
0
Let a(k) = 13*k + 168. What is a(-12)?
12
Let x(w) = w**2 - 8*w - 5. Calculate x(6).
-17
Let p(z) = z. Give p(-3).
-3
Let n(z) = -25*z**2 - 2*z - 2. Give n(-1).
-25
Let j(b) = b**2 - 12*b + 52. Determine j(12).
52
Let s(j) = -j - 22. What is s(-21)?
-1
Let c(v) = -v**2 - 4*v + 4. Determine c(-5).
-1
Let a(s) = 55*s - 169. Determine a(3).
-4
Let i(k) = k**2 + 4*k - 6. What is i(-5)?
-1
Let d(x) = -x**2 + 4*x + 5. Give d(-4).
-27
Let w(a) = -2*a**2 - 54*a - 20. Determine w(-27).
-20
Let m(i) = i**2 + 12*i - 29. What is m(-14)?
-1
Let o(n) = -5*n + 131. Determine o(24).
11
Let a(k) = 20*k + 4. Give a(-2).
-36
Let w(m) = 21*m + 36. What is w(-2)?
-6
Let g(w) = -w**2 + 15*w - 32. Determine g(13).
-6
Let o(q) = -7*q + 7. Calculate o(5).
-28
Let s(z) = -z**2 + 15*z - 1. What is s(14)?
13
Let h(u) = -u**2 + 8*u - 9. What is h(4)?
7
Let s(z) = 8*z. Calculate s(-2).
-16
Let k(m) = -m**3 + 17*m**2 + 21*m - 34. Give k(18).
20
Let z(w) = w**3 - w**2 - 6*w + 3. Calculate z(3).
3
Let s(g) = -2*g**2 - 9*g - 5. Calculate s(-6).
-23
Let c(j) = j**3 - 14*j**2 + 32*j + 20. Determine c(11).
9
Let d(z) = 4*z**2 - 6*z + 4. Calculate d(2).
8
Let f(p) = -7*p**2 + 14*p + 3. What is f(2)?
3
Let j(m) = m**2 + 12*m - 17. Calculate j(-14).
11
Let p(j) = -j**2 - 18*j + 31. Calculate p(-20).
-9
Let m(q) = -q**3 - q - 3. Calculate m(-2).
7
Let y(x) = 3*x**2 + 3*x - 1. Determine y(2).
17
Let j(g) = -7*g**2 - 126*g + 18. Determine j(-18).
18
Let z(k) = -k - 3. Determine z(-6).
3
Let x(b) = 2*b**2 - 24*b - 26. Calculate x(13).
0
Let f(x) = x + 16. What is f(-13)?
3
Let x(q) = -45*q - 728. Determine x(-16).
-8
Let s(t) = 15*t - 3. Determine s(1).
12
Let u(h) = -h**3 + 12*h**2 + 16*h - 30. Give u(13).
9
Let j(c) = -c**2 - 25*c - 31. Give j(-24).
-7
Let s(w) = -w**2 - 21*w - 13. What is s(-20)?
7
Let f(v) = -34*v**3 + v**2 + 2*v + 1. What is f(-1)?
34
Let g(l) = -l**2 + 8*l - 4. Calculate g(2).
8
Let w(g) = 4*g + 8. What is w(5)?
28
Let a(x) = -x**3 - 6*x**2 + x. Give a(-6).
-6
Let d(x) = -x**2 + 7*x + 2. Give d(6).
8
Let h(z) = z**3 - 7*z**2 - z + 4. What is h(7)?
-3
Let q(i) = i**3 + 4*i**2 + 4*i + 1. What is q(-1)?
0
Let c(g) = g**3 + 4*g**2 - g. Calculate c(-5).
-20
Let z(q) = -2*q**3 - 14*q**2 - 4*q + 5. What is z(-6)?
-43
Let d(j) = j**3 - 13*j**2 + 13*j - 13. Calculate d(12).
-1
Let u(h) = h**3 + 24*h**2 - 79*h + 60. Calculate u(-27).
6
Let u(j) = j**2 + j - 56. What is u(10)?
54
Let w(m) = 3*m + 5. Calculate w(8).
29
Let u(p) = 2*p**2 + 8. Calculate u(5).
58
Let f(a) = -27*a + 164. Determine f(6).
2
Let q(g) = g**2 - 8*g + 2. Calculate q(11).
35
Let k(s) = s**2 + 12*s + 13. What is k(-9)?
-14
Let h(v) = v**3 - 21*v**2 + v - 11. What is h(21)?
10
Let f(t) = -t**3 + 22*t**2 - 2*t + 52. What is f(22)?
8
Let w(p) = 2*p**2 - 5. Give w(2).
3
Let h(o) = 2*o - 3. Determine h(6).
9
Let o(v) = -v**3 - 13*v**2 - v - 7. Determine o(-13).
6
Let z(c) = 2*c + 5. Determine z(3).
11
Let c(n) = n - 16. Determine c(6).
-10
Let w(s) = -4*s + 17. Calculate w(6).
-7
Let b(f) = 40*f**3 + f**2 - 3*f + 2. Determine b(1).
40
Let y(p) = -p - 2. Calculate y(-8).
6
Let m(k) = 3*k**2 - 69*k + 69. Calculate m(22).
3
Let r(k) = k**3 - 11*k**2 + 13*k - 21. Calculate r(10).
9
Let d(v) = -v**2 + 9*v + 1. What is d(13)?
-51
Let x(d) = -d**2 - 10*d + 37. What is x(4)?
-19
Let t(b) = -b + 14. Give t(9).
5
Let o(f) = 6*f - 24. Give o(3).
-6
Let q(o) = o**3 + 1